 what is 6086 + -95?
5991
In base 16, what is 103c + 9?
1045
In base 6, what is 50 + 25030?
25120
In base 7, what is -1030 + 222?
-505
In base 5, what is 11 - -12232?
12243
In base 8, what is -3061 - -45?
-3014
In base 8, what is -3 + 2773505?
2773502
In base 6, what is 12 - 53234?
-53222
In base 12, what is -56 - 7457?
-74b1
In base 7, what is 516656 + 3?
516662
In base 3, what is -12 - -112022000202?
112022000120
In base 4, what is -13110 + -122?
-13232
In base 10, what is -2389506 + 1?
-2389505
In base 10, what is 3340 - -72?
3412
In base 3, what is -21202021022 - -11?
-21202021011
In base 12, what is -10ba9b - -2?
-10ba99
In base 3, what is -1120 + -200200?
-202020
In base 7, what is -140 - -6510?
6340
In base 15, what is 2 + -145c9?
-145c7
In base 11, what is -17 - -109487?
109470
In base 15, what is 4c2d - 1d?
4c10
In base 3, what is -12 - 10220010?
-10220022
In base 9, what is 468 + 2148?
2627
In base 12, what is -37 - -83b0?
8375
In base 11, what is -5556 + -a?
-5565
In base 3, what is 12 - -22112102200?
22112102212
In base 14, what is -7225 + 0?
-7225
In base 13, what is a1aa + -4?
a1a6
In base 3, what is -1 - -200112?
200111
In base 2, what is 1 + -10110101111110101001?
-10110101111110101000
In base 6, what is 40123 + 14?
40141
In base 14, what is 10a75 + 7?
10a7c
In base 10, what is 5 + -7312?
-7307
In base 6, what is -202 - 1141?
-1343
In base 16, what is -f518 - 3?
-f51b
In base 7, what is 2253534 + -3?
2253531
In base 8, what is 3 + 565?
570
In base 16, what is -1bd3 - 3?
-1bd6
In base 11, what is 3707 + -159?
3559
In base 3, what is 2021021 + 10110?
2101201
In base 13, what is 33c080 - -3?
33c083
In base 8, what is -4 + -22605?
-22611
In base 11, what is -3 + -8a62?
-8a65
In base 14, what is 1 + -50c?
-50b
In base 6, what is 113345 + -20?
113325
In base 15, what is -148 - 60?
-1a8
In base 11, what is 260 - 161?
aa
In base 15, what is 994 + -17?
97c
In base 11, what is 81550 + -3?
81548
In base 10, what is -19 - 1699?
-1718
In base 5, what is -323 - 213?
-1041
In base 4, what is -1011112221 - -101?
-1011112120
In base 15, what is -73a + -6?
-741
In base 4, what is -3110033 + 2023?
-3102010
In base 6, what is 10200 - -12?
10212
In base 2, what is -1010010001 + 1000001001?
-10001000
In base 12, what is 25b2 + 6?
25b8
In base 14, what is 5 - 626d?
-6268
In base 9, what is -2464 + -118?
-2583
In base 10, what is -3 + 32872?
32869
In base 16, what is 26 - -103d?
1063
In base 12, what is -15b64 - 1?
-15b65
In base 3, what is 110011121200 + 2?
110011121202
In base 15, what is -b6eca + -3?
-b6ecd
In base 12, what is -1 + 1145?
1144
In base 15, what is 67377 - 4?
67373
In base 4, what is 1110 + 30322312?
30330022
In base 15, what is 12 - 3cb?
-3b9
In base 15, what is 6a1 - -31?
6d2
In base 7, what is 34622 - -11?
34633
In base 4, what is 13 - 10332?
-10313
In base 6, what is -5321 - 3133?
-12454
In base 2, what is 101 - -1000100010000?
1000100010101
In base 3, what is 1202220212 - 10?
1202220202
In base 3, what is 0 + -1110111121202?
-1110111121202
In base 15, what is 259 - 52b?
-2c2
In base 6, what is -1551222 + -12?
-1551234
In base 10, what is 1292465 + -5?
1292460
In base 3, what is 11001 - 101?
10200
In base 8, what is -165 + -16745?
-17132
In base 13, what is -9 - 1a29?
-1a35
In base 8, what is -24 + 30307?
30263
In base 14, what is 74d - -8?
757
In base 6, what is -32 + -11152?
-11224
In base 9, what is 5 - 171524?
-171518
In base 6, what is -1455352 - -4?
-1455344
In base 2, what is -11111 - -10001001110000100?
10001001101100101
In base 6, what is -341 + -1005?
-1350
In base 3, what is -11 - 20210011202?
-20210011220
In base 6, what is -13455 + 531?
-12524
In base 10, what is 15 + -4427?
-4412
In base 2, what is -1111 - 1101100111010110?
-1101100111100101
In base 13, what is 1c - -3c05?
3c24
In base 3, what is -1111100022210 + -2?
-1111100022212
In base 8, what is -30760 + -12?
-30772
In base 9, what is -2435 - 550?
-3085
In base 6, what is 533553 + 1?
533554
In base 14, what is -12 + a2c?
a1a
In base 12, what is a3b69a + 5?
a3b6a3
In base 15, what is -2da - -ed?
-1dc
In base 2, what is 10011100001110110110 + -1001?
10011100001110101101
In base 14, what is -7cd + -233?
-a22
In base 11, what is 333876 + -1?
333875
In base 12, what is 137a021 - 2?
137a01b
In base 6, what is 300035 - -4?
300043
In base 13, what is 294 + 4?
298
In base 9, what is -4 - -4?
0
In base 2, what is 110111010010000000 + 1?
110111010010000001
In base 12, what is -3 + 712?
70b
In base 3, what is -1102011120 - -2010?
-1102002110
In base 5, what is -3 - -420224?
420221
In base 15, what is -4 + 7402?
73ed
In base 9, what is 418 + 1723?
2242
In base 16, what is 6 - 16147?
-16141
In base 3, what is 1 + 102022212000?
102022212001
In base 7, what is -45 - 2600?
-2645
In base 8, what is 12251 - 33?
12216
In base 12, what is 420b3 + 5?
420b8
In base 6, what is 20 - 4100544?
-4100524
In base 16, what is -159 + 2e4e?
2cf5
In base 3, what is -1 + -11220211?
-11220212
In base 5, what is 3420 + 103024?
111444
In base 13, what is -166c5 - -2?
-166c3
In base 7, what is -1 + -345336?
-345340
In base 5, what is 44 - 3102413?
-3102314
In base 7, what is -63324 - -6?
-63315
In base 10, what is -9 + 2137?
2128
In base 10, what is 2 - 29689?
-29687
In base 5, what is 2420 + 10113?
13033
In base 16, what is -44e + -2?
-450
In base 16, what is -17a63 - -a?
-17a59
In base 3, what is 1100 + -2020020?
-2011220
In base 12, what is 21 + 11a5a?
11a7b
In base 3, what is 122202200 - 110210?
122021220
In base 8, what is 20734 - -6?
20742
In base 10, what is -222585 + -5?
-222590
In base 2, what is -11 + -1110000100001?
-1110000100100
In base 8, what is -1067 - 22?
-1111
In base 9, what is -20 + -12528?
-12548
In base 14, what is -853225 + 2?
-853223
In base 2, what is -1000100110111 - -1011?
-1000100101100
In base 6, what is -3302 + 34?
-3224
In base 10, what is -135 + 71?
-64
In base 9, what is 54 + -3?
51
In base 9, what is 63 - 164?
-101
In base 9, what is -1 + -877443?
-877444
In base 7, what is -13 - 3364?
-3410
In base 11, what is -6 + 1152?
1147
In base 13, what is -1 + -aca?
-acb
In base 12, what is 5 + -175503?
-1754ba
In base 15, what is -93e - -1cd?
-761
In base 3, what is -22002110 - -120?
-22001220
In base 5, what is -44310120 + 10?
-44310110
In base 14, what is -97769 + 4?
-97765
In base 12, what is -32 + -3397?
-3409
In base 7, what is -3 + 160116?
160113
In base 5, what is -1020 + 212211?
211141
In base 5, what is 4441 - 2203?
2233
In base 11, what is -2287 + -26?
-2302
In base 4, what is 1200211121 + 13?
1200211200
In base 3, what is -22211102102 - -10?
-22211102022
In base 5, what is -132440 + -44?
-133034
In base 16, what is 3c + -92?
-56
In base 15, what is 5 + 4141?
4146
In base 15, what is -50736 - -6?
-50730
In base 2, what is 1110001 - -10000001000?
10001111001
In base 13, what is -2 - -781c?
781a
In base 6, what is 20552 - 4?
20544
In base 2, what is -1100100010100 + -101010?
-1100100111110
In base 14, what is -340ad0 + 4?
-340aca
In base 16, what is d - -3e9?
3f6
In base 5, what is -4 + -133010?
-133014
In base 14, what is -d7d - -8?
-d75
In base 5, what is -4 + -3021300?
-3021304
In base 4, what is 1301131033 + -1?
1301131032
In base 5, what is 12302 + 101?
12403
In base 15, what is 7152 - -2?
7154
In base 7, what is 115300 + 2?
115302
In base 14, what is -1b8 - ac?
-286
In base 4, what is -1010 - -13333010?
13332000
In base 6, what is 2 - -320454?
320500
In base 13, what is 5 - -5680?
5685
In base 8, what is 1 - 563104?
-563103
In base 15, what is 32ac - -4?
32b1
In base 16, what is -54 - 2bf?
-313
In base 10, what is 84238 + 0?
84238
In base 5, what is -224340102 + 3?
-224340044
In base 13, what is -b + 125b?
1250
In base 4, what is 12210131 + 13?
12210210
In base 11, what is -644 - 14?
-658
In base 4, what is 312 + -1111123?
-1110211
In base 16, what is 2 - 897c?
-897a
In base 2, what is 1111000110000100101010 - 1?
1111000110000100101001
In base 13, what is -1 + -8ab7?
-8ab8
In base 14, what is -3 - -23c8?
23c5
In base 16, what is -605e9 - -9?
-605e0
In base 15, what is -d2 + -b7?
-199
In base 8, what is 1254 + 54?
1330
In base 5, what is -40404 - 103?
-41012
In base 4, what is -10 + -20112321?
-20112331
In base 15, what is -1d - 76?
-94
In base 4, what is 1